{"id":192,"date":"2017-01-03T02:29:57","date_gmt":"2017-01-03T02:29:57","guid":{"rendered":"http:\/\/hueppi-test2.de\/?page_id=192"},"modified":"2017-01-03T02:43:42","modified_gmt":"2017-01-03T02:43:42","slug":"texte","status":"publish","type":"page","link":"https:\/\/hueppi-test2.de\/?page_id=192","title":{"rendered":"Texte"},"content":{"rendered":"<div id=\"pl-192\"  class=\"panel-layout\"><div id=\"pg-192-0\"  class=\"panel-grid panel-has-style\"><div class=\"siteorigin-panels-stretch panel-row-style panel-row-style-for-192-0\" data-stretch-type=\"full\"><div id=\"pgc-192-0-0\"  class=\"panel-grid-cell\"><div id=\"panel-192-0-0-0\" class=\"so-panel widget widget_sow-headline panel-first-child\" data-index=\"0\"><div class=\"so-widget-sow-headline so-widget-sow-headline-default-619b4c728c6a-192\"><div class=\"sow-headline-container \">\n\t<h5 class='sow-headline'>Stephan Balkenhol  <\/h5><h5 class='sow-sub-headline'>Katalog Stadtpreis Baden-Baden<\/h5><\/div><\/div><\/div><div id=\"panel-192-0-0-1\" class=\"so-panel widget widget_sow-editor panel-last-child\" data-index=\"1\"><div class=\"so-widget-sow-editor so-widget-sow-editor-base\">\n<div class=\"siteorigin-widget-tinymce textwidget\">\n\t<p>Thadd\u00e4us H\u00fcppi hat den Kunstpreis der Stadt Baden-Baden gewonnen! Das freut mich, und ich g\u00f6nne es ihm, denn er hat es verdient. Thadd\u00e4us H\u00fcppi macht es sich n\u00e4mlich gar nicht leicht. Thadd\u00e4us H\u00fcppi, aus einem K\u00fcnstler-Elternhaus stammend - sozusagen wie Obelix als Baby in den Zaubertrank - ist er in die Kunst gefallen: er kennt die Kunstwelt und durchschaut sie. Er beobachtet den Strom der Zeit und denkt sich seinen Teil. Deshalb wei\u00df er ziemlich genau, was er nicht will. Was er selber will, versucht er mit dem Mut eines widerborstigen Jugendlichen, der nicht wei\u00df was Furcht ist, herauszufinden. Er hat keine Angst, sich die Finger zu verbrennen. Er ist nicht nur bereit, in keine Schublade zu passen, sondern auch bereit dazu, in eine falsche eingeordnet zu werden. Er ist ein Besserwisser - und trotzdem kein Moralist. <\/p><\/div><\/div><\/div><\/div><\/div><\/div><\/div><p> <a href=\"https:\/\/hueppi-test2.de\/?page_id=192#more-192\" class=\"more-link\">Weiterlesen<\/a><\/p>","protected":false},"excerpt":{"rendered":"<p>Thadd\u00e4us H\u00fcppi hat den Kunstpreis der Stadt Baden-Baden gewonnen! Das freut mich, und ich g\u00f6nne es ihm, denn er hat es verdient. Thadd\u00e4us H\u00fcppi macht es sich n\u00e4mlich gar nicht leicht. Thadd\u00e4us H\u00fcppi, aus einem K\u00fcnstler-Elternhaus stammend &#8211; sozusagen wie Obelix als Baby in den Zaubertrank &#8211; ist er in die Kunst gefallen: er kennt [&hellip;]<\/p>\n","protected":false},"author":1,"featured_media":0,"parent":0,"menu_order":0,"comment_status":"closed","ping_status":"closed","template":"","meta":{"ngg_post_thumbnail":0},"_links":{"self":[{"href":"https:\/\/hueppi-test2.de\/index.php?rest_route=\/wp\/v2\/pages\/192"}],"collection":[{"href":"https:\/\/hueppi-test2.de\/index.php?rest_route=\/wp\/v2\/pages"}],"about":[{"href":"https:\/\/hueppi-test2.de\/index.php?rest_route=\/wp\/v2\/types\/page"}],"author":[{"embeddable":true,"href":"https:\/\/hueppi-test2.de\/index.php?rest_route=\/wp\/v2\/users\/1"}],"replies":[{"embeddable":true,"href":"https:\/\/hueppi-test2.de\/index.php?rest_route=%2Fwp%2Fv2%2Fcomments&post=192"}],"version-history":[{"count":4,"href":"https:\/\/hueppi-test2.de\/index.php?rest_route=\/wp\/v2\/pages\/192\/revisions"}],"predecessor-version":[{"id":211,"href":"https:\/\/hueppi-test2.de\/index.php?rest_route=\/wp\/v2\/pages\/192\/revisions\/211"}],"wp:attachment":[{"href":"https:\/\/hueppi-test2.de\/index.php?rest_route=%2Fwp%2Fv2%2Fmedia&parent=192"}],"curies":[{"name":"wp","href":"https:\/\/api.w.org\/{rel}","templated":true}]}}